or of 133990299 and 399.
57
Calculate the highest common divisor of 91168 and 43296.
352
What is the greatest common factor of 99 and 935100639?
99
Calculate the highest common divisor of 842450 and 19285.
1015
Calculate the highest common divisor of 870 and 405925760.
290
Calculate the greatest common factor of 1471041 and 76362.
429
What is the greatest common factor of 4396217 and 7?
7
Calculate the greatest common factor of 1764 and 21924882.
126
What is the highest common factor of 5129923 and 954?
53
Calculate the greatest common factor of 126 and 51617880.
18
Calculate the highest common divisor of 211368 and 872.
8
What is the highest common factor of 132 and 36688104?
12
Calculate the highest common divisor of 16749 and 1809.
9
Calculate the greatest common factor of 693296 and 384.
16
Calculate the highest common divisor of 588189 and 80697.
111
Calculate the greatest common divisor of 16580 and 297340.
20
Calculate the greatest common divisor of 18 and 66349854.
18
What is the highest common divisor of 109200 and 841360?
1040
What is the greatest common factor of 51297566 and 22474?
1322
Calculate the greatest common factor of 2317329 and 165249.
3843
Calculate the highest common factor of 42902 and 28671.
19
What is the highest common divisor of 92349433 and 22?
11
Calculate the greatest common divisor of 462182033 and 23.
23
What is the greatest common factor of 2925 and 139815?
585
Calculate the highest common factor of 17520 and 219360.
240
Calculate the highest common divisor of 130026 and 726960.
78
Calculate the greatest common divisor of 5880 and 551544.
1176
Calculate the greatest common factor of 1120743 and 1620463.
403
Calculate the highest common divisor of 1236006 and 391698.
846
What is the highest common factor of 204189 and 49223631?
7041
Calculate the greatest common factor of 95 and 256946215.
95
What is the greatest common divisor of 2620430 and 1817?
79
Calculate the greatest common factor of 534504 and 1857.
3
Calculate the highest common factor of 277616170 and 44720.
5590
What is the greatest common factor of 9499 and 108850398?
1357
Calculate the greatest common factor of 641808 and 28.
4
What is the highest common divisor of 89951107 and 5254?
2627
Calculate the greatest common divisor of 1376085 and 120.
15
Calculate the greatest common divisor of 189725 and 1300.
25
Calculate the highest common factor of 5 and 1011934985.
5
Calculate the highest common factor of 3330 and 185634.
18
What is the highest common divisor of 17347 and 190399?
209
What is the highest common factor of 267898779 and 23?
23
Calculate the highest common factor of 4259504 and 5936.
848
Calculate the greatest common divisor of 16 and 44726186.
2
Calculate the highest common factor of 837 and 131354811.
27
Calculate the greatest common factor of 17760 and 2659680.
480
Calculate the greatest common factor of 19810 and 4309480.
70
What is the highest common divisor of 5257450 and 1107392?
2662
Calculate the greatest common factor of 36870 and 480.
30
Calculate the greatest common factor of 136843710 and 2685.
2685
What is the greatest common divisor of 77147 and 305189?
103
What is the greatest common divisor of 1309 and 17591?
7
Calculate the greatest common divisor of 24954691 and 34.
17
What is the greatest common factor of 14906 and 28104492?
514
Calculate the highest common divisor of 1049637 and 10767.
291
What is the greatest common divisor of 336960 and 88296000?
12480
Calculate the highest common divisor of 720159 and 1221.
33
Calculate the greatest common factor of 26564411 and 2.
1
Calculate the highest common divisor of 3959472 and 1144.
88
What is the greatest common divisor of 20618436 and 36?
12
Calculate the greatest common factor of 11536838 and 232.
58
What is the greatest common factor of 78 and 2713620?
78
Calculate the highest common divisor of 348 and 1171638.
6
What is the greatest common divisor of 4542298 and 166?
2
Calculate the greatest common factor of 4571362 and 1406.
38
What is the greatest common factor of 4833 and 9655797?
537
What is the greatest common factor of 1013771 and 1265?
253
Calculate the highest common divisor of 4311 and 9756.
9
What is the highest common factor of 42 and 529193?
7
What is the highest common divisor of 83467733 and 1257?
419
What is the highest common divisor of 7873748 and 296?
148
Calculate the greatest common factor of 86 and 914586.
2
Calculate the highest common divisor of 749395 and 603.
67
Calculate the highest common factor of 53410978 and 734.
734
Calculate the greatest common divisor of 14855848 and 35.
7
Calculate the highest common factor of 95041 and 2075550.
101
What is the greatest common factor of 10804905 and 27?
9
Calculate the greatest common divisor of 119045 and 3927760.
145
What is the greatest common factor of 257818470 and 2730?
2730
Calculate the greatest common factor of 11038459 and 84709.
2921
Calculate the highest common factor of 51653172 and 912.
228
What is the highest common divisor of 3042723 and 2781?
309
Calculate the highest common divisor of 4311334 and 11.
1
Calculate the greatest common divisor of 42632 and 27736.
8
What is the greatest common factor of 42091716 and 12?
12
What is the greatest common factor of 58989 and 15519?
21
Calculate the highest common divisor of 10301225 and 4700.
1175
What is the highest common divisor of 12635 and 1145025?
35
What is the greatest common divisor of 17005073 and 69?
23
What is the greatest common factor of 4176 and 8942933?
29
Calculate the highest common divisor of 293286 and 1701.
21
What is the highest common factor of 14457597 and 205359?
1617
What is the highest common divisor of 8113273 and 174041?
3703
Calculate the greatest common divisor of 259182 and 1332562.
2618
What is the highest common divisor of 348 and 13290729?
87
Calculate the greatest common factor of 3064 and 9761138.
766
What is the greatest common factor of 212710884 and 1308?
1308
What is the highest common divisor of 202524496 and 2236?
172
What is the greatest common divisor of 2136663 and 401184?
1791
Calculate the highest common factor of 2940 and 258076.
28
Calculate the highest common divisor of 10982376 and 144.
72
What is the highest common factor of 22184 and 9349612?
236
What is the highest common factor of 2317 and 18025267?
331
What is the greatest common divisor of 40 and 10345250?
10
Calculate the highest common divisor of 2034 and 53810374.
226
What is the greatest common factor of 2625 and 82747125?
375
Calculate the greatest common factor of 27736 and 6160859.
3467
What is the highest common divisor of 24705540 and 1080?
540
Calculate the greatest common divisor of 32948496 and 42.
42
What is the greatest common divisor of 313196282 and 4354?
4354
Calculate the greatest common divisor of 55919376 and 16.
16
Calculate the greatest common divisor of 33 and 2757.
3
Calculate the highest common divisor of 6389238 and 14.
2
Calculate the greatest common factor of 444 and 136098876.
444
What is the highest common factor of 7164782 and 186?
62
What is the greatest common factor of 84895768 and 6115?
1223
What is the greatest common factor of 6238846 and 97?
97
Calculate the highest common divisor of 36491 and 90727.
91
Calculate the highest common factor of 1940 and 153860.
20
What is the greatest common divisor of 19371385 and 122705?
5335
What is the greatest common divisor of 438645 and 15?
15
Calculate the highest common factor of 1629 and 2687031.
9
What is the greatest common factor of 113217892 and 369?
41
What is the greatest common divisor of 234652920 and 10?
10
What is the greatest common divisor of 55062 and 279566?
266
Calculate the greatest common divisor of 239304 and 2548416.
312
What is the highest common divisor of 64647 and 5841?
99
Calculate the highest common divisor of 578 and 17663102.
578
Calculate the highest common divisor of 26563 and 161701.
101
What is the highest common divisor of 1209 and 1356482283?
1209
What is the greatest common factor of 165 and 196097495?
55
What is the greatest common factor of 4100328 and 166542?
246
Calculate the highest common factor of 561 and 5177847114.
561
Calculate the greatest common divisor of 1680 and 80147920.
80
What is the highest common fa